{"id":404,"date":"2022-04-28T11:59:22","date_gmt":"2022-04-28T14:59:22","guid":{"rendered":"https:\/\/heliportofaroldesaotome.com.br\/aeroporto\/?page_id=404"},"modified":"2024-11-21T17:06:23","modified_gmt":"2024-11-21T20:06:23","slug":"cad-de-ruido-aeronautico","status":"publish","type":"page","link":"https:\/\/bartolomeulisandro.com.br\/bartolosistema\/cad-de-ruido-aeronautico\/","title":{"rendered":"Cadastro de ru\u00eddo aeron\u00e1utico"},"content":{"rendered":"\t\t<div data-elementor-type=\"wp-page\" data-elementor-id=\"404\" class=\"elementor elementor-404\" data-elementor-post-type=\"page\">\n\t\t\t\t\t\t<section class=\"elementor-section elementor-top-section elementor-element elementor-element-89e4441 elementor-section-height-full elementor-section-items-top elementor-section-boxed elementor-section-height-default\" data-id=\"89e4441\" data-element_type=\"section\" data-settings=\"{&quot;background_background&quot;:&quot;classic&quot;}\">\n\t\t\t\t\t\t<div class=\"elementor-container elementor-column-gap-default\">\n\t\t\t\t\t<div class=\"elementor-column elementor-col-100 elementor-top-column elementor-element elementor-element-597c32f\" data-id=\"597c32f\" data-element_type=\"column\">\n\t\t\t<div class=\"elementor-widget-wrap elementor-element-populated\">\n\t\t\t\t\t\t<div class=\"elementor-element elementor-element-fe13d58 elementor-widget elementor-widget-image\" data-id=\"fe13d58\" data-element_type=\"widget\" data-widget_type=\"image.default\">\n\t\t\t\t<div class=\"elementor-widget-container\">\n\t\t\t\t\t\t\t\t\t\t\t\t\t\t<a href=\"https:\/\/bartolomeulisandro.com.br\/bartolosistema\">\n\t\t\t\t\t\t\t<img decoding=\"async\" width=\"220\" height=\"66\" src=\"https:\/\/bartolomeulisandro.com.br\/bartolosistema\/wp-content\/uploads\/2023\/07\/5e695018681006ab019ca4ea_logo-aeroporto-.png\" class=\"attachment-large size-large wp-image-14785\" alt=\"\" \/>\t\t\t\t\t\t\t\t<\/a>\n\t\t\t\t\t\t\t\t\t\t\t\t\t<\/div>\n\t\t\t\t<\/div>\n\t\t\t\t<div class=\"elementor-element elementor-element-eb7fe96 elementor-widget-divider--view-line_icon elementor-view-default elementor-widget-divider--element-align-center elementor-widget elementor-widget-divider\" data-id=\"eb7fe96\" data-element_type=\"widget\" data-widget_type=\"divider.default\">\n\t\t\t\t<div class=\"elementor-widget-container\">\n\t\t\t\t\t<div class=\"elementor-divider\">\n\t\t\t<span class=\"elementor-divider-separator\">\n\t\t\t\t\t\t\t<div class=\"elementor-icon elementor-divider__element\">\n\t\t\t\t\t<i aria-hidden=\"true\" class=\"fas fa-plane-departure\"><\/i><\/div>\n\t\t\t\t\t\t<\/span>\n\t\t<\/div>\n\t\t\t\t<\/div>\n\t\t\t\t<\/div>\n\t\t\t\t<div class=\"elementor-element elementor-element-dc98126 elementor-widget elementor-widget-heading\" data-id=\"dc98126\" data-element_type=\"widget\" data-widget_type=\"heading.default\">\n\t\t\t\t<div class=\"elementor-widget-container\">\n\t\t\t<h2 class=\"elementor-heading-title elementor-size-default\">MANIFESTA\u00c7\u00c3O DE RU\u00cdDO AERON\u00c1UTICO<\/h2>\t\t<\/div>\n\t\t\t\t<\/div>\n\t\t\t\t<div class=\"elementor-element elementor-element-c474b8a elementor-widget elementor-widget-text-editor\" data-id=\"c474b8a\" data-element_type=\"widget\" data-widget_type=\"text-editor.default\">\n\t\t\t\t<div class=\"elementor-widget-container\">\n\t\t\t\t\t\t\t<p>O ru\u00eddo aeron\u00e1utico \u00e9 o som gerado pelas opera\u00e7\u00f5es de aeronaves durante atividades como circula\u00e7\u00e3o, aproxima\u00e7\u00e3o, pouso, decolagem, subida, taxiamento e testes de motores. Este tipo de ru\u00eddo pode afetar diretamente a qualidade de vida de pessoas em \u00e1reas pr\u00f3ximas aos aeroportos, por isso \u00e9 importante monitor\u00e1-lo e tratar as preocupa\u00e7\u00f5es a ele relacionadas.<br \/><br \/>Este canal foi criado com o objetivo de receber manifesta\u00e7\u00f5es, solicita\u00e7\u00f5es de informa\u00e7\u00f5es, reclama\u00e7\u00f5es, sugest\u00f5es ou elogios de cidad\u00e3os e usu\u00e1rios que desejam reportar situa\u00e7\u00f5es relacionadas ao ru\u00eddo aeron\u00e1utico. Atrav\u00e9s deste canal, voc\u00ea pode contribuir com informa\u00e7\u00f5es importantes que auxiliam na identifica\u00e7\u00e3o e gest\u00e3o de problemas, al\u00e9m de possibilitar a implementa\u00e7\u00e3o de medidas para mitigar os impactos sonoros nas comunidades.<br \/><br \/>Para enviar seu relato, preencha o formul\u00e1rio abaixo.<\/p>\t\t\t\t\t\t<\/div>\n\t\t\t\t<\/div>\n\t\t\t\t<section class=\"elementor-section elementor-inner-section elementor-element elementor-element-78ec6b3 elementor-section-boxed elementor-section-height-default elementor-section-height-default\" data-id=\"78ec6b3\" data-element_type=\"section\">\n\t\t\t\t\t\t<div class=\"elementor-container elementor-column-gap-default\">\n\t\t\t\t\t<div class=\"elementor-column elementor-col-100 elementor-inner-column elementor-element elementor-element-aa53997\" data-id=\"aa53997\" data-element_type=\"column\" data-settings=\"{&quot;background_background&quot;:&quot;classic&quot;}\">\n\t\t\t<div class=\"elementor-widget-wrap elementor-element-populated\">\n\t\t\t\t\t\t<div class=\"elementor-element elementor-element-c0126c5 elementor-button-align-start elementor-widget elementor-widget-form\" data-id=\"c0126c5\" data-element_type=\"widget\" data-settings=\"{&quot;step_next_label&quot;:&quot;Next&quot;,&quot;step_previous_label&quot;:&quot;Previous&quot;,&quot;button_width&quot;:&quot;100&quot;,&quot;step_type&quot;:&quot;number_text&quot;,&quot;step_icon_shape&quot;:&quot;circle&quot;}\" data-widget_type=\"form.default\">\n\t\t\t\t<div class=\"elementor-widget-container\">\n\t\t\t\t\t<form class=\"elementor-form\" method=\"post\" name=\"Cadastro de ru\u00eddo aeron\u00e1utico\">\n\t\t\t<input type=\"hidden\" name=\"post_id\" value=\"404\"\/>\n\t\t\t<input type=\"hidden\" name=\"form_id\" value=\"c0126c5\"\/>\n\t\t\t<input type=\"hidden\" name=\"referer_title\" value=\"\" \/>\n\n\t\t\t\n\t\t\t<div class=\"elementor-form-fields-wrapper elementor-labels-above\">\n\t\t\t\t\t\t\t\t<div class=\"elementor-field-type-html elementor-field-group elementor-column elementor-field-group-field_0132647 elementor-col-100\">\n\t\t\t\t\t<H5>Informa\u00e7\u00f5es para contato<h5>\t\t\t\t<\/div>\n\t\t\t\t\t\t\t\t<div class=\"elementor-field-type-text elementor-field-group elementor-column elementor-field-group-name elementor-col-100 elementor-field-required\">\n\t\t\t\t\t\t\t\t\t\t\t\t\t<input size=\"1\" type=\"text\" name=\"form_fields[name]\" id=\"form-field-name\" class=\"elementor-field elementor-size-sm  elementor-field-textual\" placeholder=\"Nome (*)\" required=\"required\" aria-required=\"true\">\n\t\t\t\t\t\t\t\t\t\t\t<\/div>\n\t\t\t\t\t\t\t\t<div class=\"elementor-field-type-tel elementor-field-group elementor-column elementor-field-group-field_38bc347 elementor-col-25\">\n\t\t\t\t\t\t\t<input size=\"1\" type=\"tel\" name=\"form_fields[field_38bc347]\" id=\"form-field-field_38bc347\" class=\"elementor-field elementor-size-sm  elementor-field-textual\" placeholder=\"Telefone\" pattern=\"[0-9()#&amp;+*-=.]+\" title=\"Only numbers and phone characters (#, -, *, etc) are accepted.\">\n\n\t\t\t\t\t\t<\/div>\n\t\t\t\t\t\t\t\t<div class=\"elementor-field-type-email elementor-field-group elementor-column elementor-field-group-email elementor-col-75 elementor-field-required\">\n\t\t\t\t\t\t\t\t\t\t\t\t\t<input size=\"1\" type=\"email\" name=\"form_fields[email]\" id=\"form-field-email\" class=\"elementor-field elementor-size-sm  elementor-field-textual\" placeholder=\"Email\" required=\"required\" aria-required=\"true\">\n\t\t\t\t\t\t\t\t\t\t\t<\/div>\n\t\t\t\t\t\t\t\t<div class=\"elementor-field-type-html elementor-field-group elementor-column elementor-field-group-field_a20d930 elementor-col-100\">\n\t\t\t\t\t<H5>Detalhamento do Inc\u00f4modo<h5>\t\t\t\t<\/div>\n\t\t\t\t\t\t\t\t<div class=\"elementor-field-type-select elementor-field-group elementor-column elementor-field-group-field_f313cd1 elementor-col-50 elementor-field-required\">\n\t\t\t\t\t\t\t<div class=\"elementor-field elementor-select-wrapper remove-before \">\n\t\t\t<div class=\"select-caret-down-wrapper\">\n\t\t\t\t<i aria-hidden=\"true\" class=\"eicon-caret-down\"><\/i>\t\t\t<\/div>\n\t\t\t<select name=\"form_fields[field_f313cd1]\" id=\"form-field-field_f313cd1\" class=\"elementor-field-textual elementor-size-sm\" required=\"required\" aria-required=\"true\">\n\t\t\t\t\t\t\t\t\t<option value=\"Aeroporto Bartolomeu Lisandro\">Aeroporto Bartolomeu Lisandro<\/option>\n\t\t\t\t\t\t\t<\/select>\n\t\t<\/div>\n\t\t\t\t\t\t<\/div>\n\t\t\t\t\t\t\t\t<div class=\"elementor-field-type-date elementor-field-group elementor-column elementor-field-group-field_3fff88d elementor-col-25 elementor-field-required\">\n\t\t\t\t\t\n\t\t<input type=\"date\" name=\"form_fields[field_3fff88d]\" id=\"form-field-field_3fff88d\" class=\"elementor-field elementor-size-sm  elementor-field-textual elementor-date-field\" placeholder=\"Data do Inc\u00f4modo (*)\" required=\"required\" aria-required=\"true\" pattern=\"[0-9]{4}-[0-9]{2}-[0-9]{2}\">\n\t\t\t\t\t\t<\/div>\n\t\t\t\t\t\t\t\t<div class=\"elementor-field-type-time elementor-field-group elementor-column elementor-field-group-field_b2dabef elementor-col-25 elementor-field-required\">\n\t\t\t\t\t\t\t<input type=\"time\" name=\"form_fields[field_b2dabef]\" id=\"form-field-field_b2dabef\" class=\"elementor-field elementor-size-sm  elementor-field-textual elementor-time-field\" placeholder=\"Hor\u00e1rio do Inc\u00f4modo (*)\" required=\"required\" aria-required=\"true\">\n\t\t\t\t\t\t<\/div>\n\t\t\t\t\t\t\t\t<div class=\"elementor-field-type-textarea elementor-field-group elementor-column elementor-field-group-field_454ea39 elementor-col-100\">\n\t\t\t\t\t<textarea class=\"elementor-field-textual elementor-field  elementor-size-sm\" name=\"form_fields[field_454ea39]\" id=\"form-field-field_454ea39\" rows=\"4\" placeholder=\"Descri\u00e7\u00e3o do Inc\u00f4modo\"><\/textarea>\t\t\t\t<\/div>\n\t\t\t\t\t\t\t\t<div class=\"elementor-field-type-html elementor-field-group elementor-column elementor-field-group-field_49b6117 elementor-col-100\">\n\t\t\t\t\t<H5>Endere\u00e7o do Inc\u00f4modo percebido\n<h5>\t\t\t\t<\/div>\n\t\t\t\t\t\t\t\t<div class=\"elementor-field-type-text elementor-field-group elementor-column elementor-field-group-field_69fcf4f elementor-col-100 elementor-field-required\">\n\t\t\t\t\t\t\t\t\t\t\t\t\t<input size=\"1\" type=\"text\" name=\"form_fields[field_69fcf4f]\" id=\"form-field-field_69fcf4f\" class=\"elementor-field elementor-size-sm  elementor-field-textual\" placeholder=\"Logradouro (*)\" required=\"required\" aria-required=\"true\">\n\t\t\t\t\t\t\t\t\t\t\t<\/div>\n\t\t\t\t\t\t\t\t<div class=\"elementor-field-type-text elementor-field-group elementor-column elementor-field-group-field_0d5f823 elementor-col-40 elementor-field-required\">\n\t\t\t\t\t\t\t\t\t\t\t\t\t<input size=\"1\" type=\"text\" name=\"form_fields[field_0d5f823]\" id=\"form-field-field_0d5f823\" class=\"elementor-field elementor-size-sm  elementor-field-textual\" placeholder=\"Bairro (*)\" required=\"required\" aria-required=\"true\">\n\t\t\t\t\t\t\t\t\t\t\t<\/div>\n\t\t\t\t\t\t\t\t<div class=\"elementor-field-type-text elementor-field-group elementor-column elementor-field-group-field_057d62c elementor-col-40 elementor-field-required\">\n\t\t\t\t\t\t\t\t\t\t\t\t\t<input size=\"1\" type=\"text\" name=\"form_fields[field_057d62c]\" id=\"form-field-field_057d62c\" class=\"elementor-field elementor-size-sm  elementor-field-textual\" placeholder=\"Cidade (*)\" required=\"required\" aria-required=\"true\">\n\t\t\t\t\t\t\t\t\t\t\t<\/div>\n\t\t\t\t\t\t\t\t<div class=\"elementor-field-type-select elementor-field-group elementor-column elementor-field-group-field_6c18d2c elementor-col-20 elementor-field-required\">\n\t\t\t\t\t\t\t<div class=\"elementor-field elementor-select-wrapper remove-before \">\n\t\t\t<div class=\"select-caret-down-wrapper\">\n\t\t\t\t<i aria-hidden=\"true\" class=\"eicon-caret-down\"><\/i>\t\t\t<\/div>\n\t\t\t<select name=\"form_fields[field_6c18d2c]\" id=\"form-field-field_6c18d2c\" class=\"elementor-field-textual elementor-size-sm\" required=\"required\" aria-required=\"true\">\n\t\t\t\t\t\t\t\t\t<option value=\"RJ\">RJ<\/option>\n\t\t\t\t\t\t\t<\/select>\n\t\t<\/div>\n\t\t\t\t\t\t<\/div>\n\t\t\t\t\t\t\t\t<div class=\"elementor-field-type-html elementor-field-group elementor-column elementor-field-group-field_e7feee1 elementor-col-100\">\n\t\t\t\t\t<H5>Classifica\u00e7\u00e3o \/ Categoria\n<h5>\t\t\t\t<\/div>\n\t\t\t\t\t\t\t\t<div class=\"elementor-field-type-radio elementor-field-group elementor-column elementor-field-group-field_3bfba13 elementor-col-100 elementor-field-required\">\n\t\t\t\t\t<div class=\"elementor-field-subgroup  \"><span class=\"elementor-field-option\"><input type=\"radio\" value=\"externo\" id=\"form-field-field_3bfba13-0\" name=\"form_fields[field_3bfba13]\" required=\"required\" aria-required=\"true\"> <label for=\"form-field-field_3bfba13-0\">Externo ao aeroporto<\/label><\/span><span class=\"elementor-field-option\"><input type=\"radio\" value=\"interno\" id=\"form-field-field_3bfba13-1\" name=\"form_fields[field_3bfba13]\" required=\"required\" aria-required=\"true\"> <label for=\"form-field-field_3bfba13-1\">Interno ao aeroporto<\/label><\/span><\/div>\t\t\t\t<\/div>\n\t\t\t\t\t\t\t\t<div class=\"elementor-field-type-html elementor-field-group elementor-column elementor-field-group-field_81e1d69 elementor-col-100\">\n\t\t\t\t\t<H5>Efetivar \/ Enviar a reclama\u00e7\u00e3o\n<h5>\t\t\t\t<\/div>\n\t\t\t\t\t\t\t\t<div class=\"elementor-field-group elementor-column elementor-field-type-submit elementor-col-100 e-form__buttons\">\n\t\t\t\t\t<button class=\"elementor-button elementor-size-sm\" type=\"submit\">\n\t\t\t\t\t\t<span class=\"elementor-button-content-wrapper\">\n\t\t\t\t\t\t\t\t\t\t\t\t\t\t\t\t\t\t\t\t\t\t<span class=\"elementor-button-text\">Enviar<\/span>\n\t\t\t\t\t\t\t\t\t\t\t\t\t<\/span>\n\t\t\t\t\t<\/button>\n\t\t\t\t<\/div>\n\t\t\t<\/div>\n\t\t<\/form>\n\t\t\t\t<\/div>\n\t\t\t\t<\/div>\n\t\t\t\t\t<\/div>\n\t\t<\/div>\n\t\t\t\t\t<\/div>\n\t\t<\/section>\n\t\t\t\t\t<\/div>\n\t\t<\/div>\n\t\t\t\t\t<\/div>\n\t\t<\/section>\n\t\t\t\t<\/div>\n\t\t","protected":false},"excerpt":{"rendered":"<p>MANIFESTA\u00c7\u00c3O DE RU\u00cdDO AERON\u00c1UTICO O ru\u00eddo aeron\u00e1utico \u00e9 o som gerado pelas opera\u00e7\u00f5es de aeronaves durante atividades como circula\u00e7\u00e3o, aproxima\u00e7\u00e3o, pouso, decolagem, subida, taxiamento e testes de motores. Este tipo de ru\u00eddo pode afetar diretamente a qualidade de vida de pessoas em \u00e1reas pr\u00f3ximas aos aeroportos, por isso \u00e9 importante monitor\u00e1-lo e tratar as preocupa\u00e7\u00f5es [&hellip;]<\/p>\n","protected":false},"author":14,"featured_media":0,"parent":0,"menu_order":4,"comment_status":"closed","ping_status":"closed","template":"elementor_canvas","meta":{"footnotes":""},"class_list":["post-404","page","type-page","status-publish","hentry"],"_links":{"self":[{"href":"https:\/\/bartolomeulisandro.com.br\/bartolosistema\/wp-json\/wp\/v2\/pages\/404","targetHints":{"allow":["GET"]}}],"collection":[{"href":"https:\/\/bartolomeulisandro.com.br\/bartolosistema\/wp-json\/wp\/v2\/pages"}],"about":[{"href":"https:\/\/bartolomeulisandro.com.br\/bartolosistema\/wp-json\/wp\/v2\/types\/page"}],"author":[{"embeddable":true,"href":"https:\/\/bartolomeulisandro.com.br\/bartolosistema\/wp-json\/wp\/v2\/users\/14"}],"replies":[{"embeddable":true,"href":"https:\/\/bartolomeulisandro.com.br\/bartolosistema\/wp-json\/wp\/v2\/comments?post=404"}],"version-history":[{"count":140,"href":"https:\/\/bartolomeulisandro.com.br\/bartolosistema\/wp-json\/wp\/v2\/pages\/404\/revisions"}],"predecessor-version":[{"id":14931,"href":"https:\/\/bartolomeulisandro.com.br\/bartolosistema\/wp-json\/wp\/v2\/pages\/404\/revisions\/14931"}],"wp:attachment":[{"href":"https:\/\/bartolomeulisandro.com.br\/bartolosistema\/wp-json\/wp\/v2\/media?parent=404"}],"curies":[{"name":"wp","href":"https:\/\/api.w.org\/{rel}","templated":true}]}}